ert 152161 (base 7) to base 8.
71626
Convert -2534422 (base 6) to base 2.
-100001011110001110
276037 (base 8) to base 15
1dc76
Convert -11144220 (base 5) to base 12.
-499bb
What is 216912 (base 10) in base 5?
23420122
Convert 264bb2a (base 13) to base 9.
24552574
Convert -11120101102012 (base 3) to base 4.
-21100322321
What is 12302313 (base 4) in base 7?
144066
-160cd3 (base 15) to base 14
-1da6c7
Convert 200021102001 (base 3) to base 15.
7189a
Convert 59850b (base 12) to base 6.
50551215
Convert 6229373 (base 11) to base 13.
237b948
-3541520 (base 8) to base 2
-11101100001101010000
-23a290 (base 11) to base 2
-1011100101100011100
1553025 (base 6) to base 11
636a6
Convert -230130312 (base 4) to base 7.
-1355550
Convert -1a1122 (base 11) to base 7.
-2424456
Convert -51111004 (base 7) to base 11.
-2446869
Convert 1261065 (base 7) to base 5.
20303214
Convert -137a14 (base 11) to base 14.
-58780
-230455 (base 8) to base 2
-10011000100101101
662a95 (base 15) to base 4
102210300110
Convert 523771 (base 8) to base 10.
174073
-12990a7 (base 11) to base 6
-115542532
399ea (base 15) to base 11
116683
Convert 1859c0 (base 13) to base 2.
10010101100001011011
Convert -1010000110111011110110 (base 2) to base 8.
-12067366
What is -323131313 (base 4) in base 11?
-157002
What is 1001101011000000011 (base 2) in base 10?
316931
-11011000011111000011110 (base 2) to base 3
-111100101211222
Convert -687660 (base 9) to base 11.
-261952
-44008 (base 9) to base 2
-111000111110000
What is 35a9d2 (base 14) in base 6?
103155032
-212102200010 (base 3) to base 12
-1a2aa9
-16074866 (base 9) to base 10
-8021166
What is 23d091 (base 16) in base 12?
952381
-13007512 (base 10) to base 4
-301213222120
173206 (base 8) to base 16
f686
What is -198bc2 (base 14) in base 8?
-3355106
What is -10031313310 (base 4) in base 6?
-35405324
Convert 6094 (base 10) to base 2.
1011111001110
What is -36029d (base 14) in base 12?
-74b503
Convert 1111011100100010000 (base 2) to base 12.
204a94
What is -212210202 (base 3) in base 10?
-17354
What is -5cc010 (base 16) in base 14?
-b43292
738a0 (base 14) to base 16
44144
Convert -266d6 (base 14) to base 5.
-11012120
Convert -281de (base 16) to base 4.
-220013132
10100001110011101010101 (base 2) to base 14
9c0377
-14224202 (base 5) to base 13
-52899
-1222224200 (base 5) to base 14
-563a85
-94911 (base 13) to base 15
-5434c
What is 1202110200120 (base 3) in base 13?
269391
-36400666 (base 7) to base 12
-1105451
What is -1011111000000001100 (base 2) in base 7?
-3210332
What is 205161 (base 12) in base 15?
a0131
Convert -5269215 (base 10) to base 14.
-9b23a7
Convert -3408628 (base 9) to base 6.
-103211555
Convert -b088a9 (base 12) to base 15.
-39573c
Convert 189524a (base 12) to base 16.
4eec1a
c28c (base 13) to base 14
9ab8
Convert 3512292 (base 10) to base 11.
1a89923
What is -717153 (base 8) in base 7?
-2005303
What is -10100110000000111 (base 2) in base 7?
-502545
Convert 1204123 (base 5) to base 11.
15926
Convert -13230204 (base 6) to base 8.
-1532174
Convert -240554 (base 9) to base 15.
-2cd81
Convert -2000443 (base 8) to base 16.
-80123
Convert -588923 (base 10) to base 4.
-2033301323
-12b73 (base 16) to base 12
-38443
Convert 100404 (base 5) to base 16.
c9d
Convert 3c080 (base 15) to base 6.
4043103
Convert -1333124 (base 11) to base 13.
-6281b9
What is -20671077 (base 8) in base 14?
-830bb9
-102f75 (base 16) to base 4
-10002331311
1012122 (base 8) to base 6
5421414
2414034 (base 5) to base 13
17585
-69457 (base 16) to base 9
-726431
Convert -101300314 (base 6) to base 12.
-70469a
What is ddc4c3 (base 14) in base 6?
425141551
What is 116517 (base 9) in base 4?
101030011
Convert -42b8246 (base 12) to base 2.
-110000011000101001010110
-230003310012 (base 4) to base 8
-54036406
Convert -1287348 (base 9) to base 14.
-145b3b
-32231242 (base 5) to base 9
-456705
Convert 40213512 (base 6) to base 5.
242344203
Convert 24110134 (base 6) to base 5.
143140001
Convert -5037637 (base 9) to base 16.
-28ee8f
What is -30334 (base 15) in base 13?
-545c5
Convert 130466 (base 8) to base 4.
23010312
What is 64589 (base 16) in base 4?
1210112021
Convert 1101022210221 (base 3) to base 10.
734695
-c0301 (base 15) to base 4
-2110132300
What is -212033223 (base 5) in base 9?
-1610783
1110711 (base 9) to base 13
17c035
What is 10441144 (base 5) in base 2?
10110110001110011
Convert 222312110221 (base 4) to base 8.
52662451
-12a92d (base 16) to base 2
-100101010100100101101
Convert 11333012132 (base 4) to base 9.
2851455
What is -aa02 (base 16) in base 10?
-43522
-b2c11 (base 13) to base 5
-40224412
What is -13426363 (base 9) in base 13?
-14b244a
-c7071a (base 15) to base 3
-122211001022021
What is 5524200 (base 6) in base 10?
275688
What is -2567c (base 14) in base 13?
-32a56
What is 1a3b002 (base 12) in base 6?
315024002
10100000100100011011 (base 2) to base 16
a091b
What is 20120013213 (base 4) in base 12?
89a973
What is -2820448 (base 11) in base 15?
-6605ed
43313 (base 8) to base 12
a5a3
132013 (base 4) to base 15
887
Convert 1344516 (base 8) to base 3.
201021011222
Convert -41987f (base 16) to base 15.
-59db1e
-3620b (base 12) to base 6
-1321215
Convert -39ba8 (base 13) to base 11.
-73805
What is 28630 (base 12) in base 6?
1112100
10020002111 (base 3) to base 15
13c2a
What is -13313200 (base 6) in base 15?
-8bdd3
-b98ad (base 14) to base 16
-6d9e1
-10100010011001110 (base 2) to base 11
-57521
What is 33da0 (base 16) in base 3?
101210100002
What is 2b62152 (base 12) in base 8?
41554116
-10022441 (base 5) to base 15
-18966
-603ac8 (base 14) to base 16
-3165c0
495283 (base 11) to base 4
2333021301
Convert 20400414 (base 5) to base 4.
221032123
-4020312042 (base 5) to base 15
-a7924c
What is 4187d (base 15) in base 6?
4242001
Convert 455430 (base 6) to base 7.
221124
Convert 2c88e7 (base 15) to base 11.
1242314
Convert 43087 (base 10) to base 15.
cb77
Convert -126411 (base 8) to base 6.
-541025
Convert -2002210210202 (base 3) to base 10.
-1118144
Convert 15975 (base 16) to base 7.
515556
-31323130 (base 6) to base 5
-213204321
What is -1060638 (base 9) in base 15?
-b4438
Convert -45141042 (base 7) to base 9.
-7317366
Convert -13760451 (base 10) to base 11.
-7849481
285035 (base 9) to base 3
22212001012
Convert 12110001021 (base 3) to base 11.
735a2
-101cac (base 14) to base 10
-543072
Convert 102131221 (base 4) to base 13.
28564
-182a9 (base 11) to base 16
-6432
Convert -299ba5 (base 12) to base 16.
-ab46d
What is -753191 (base 10) in base 6?
-24050555
Convert -10561d5 (base 14) to base 3.
-112120011011202
Convert -1100312034 (base 5) to base 6.
-122242123
Convert -11001010101100000100 (base 2) to base 6.
-25443324
-1db85ad (base 14) to base 2
-111001000110000001111101
23022120023 (base 4) to base 13
7b5b1c
What is 11100100100101 (base 2) in base 15?
4504
11010110110000 (base 2) to base 4
3112300
What is 2240123 (base 7) in base 14?
7374a
45593 (base 13) to base 16
1ecf2
What is -1a1b0 (base 13) in base 14?
-14759
What is 1122264 (base 9) in base 5?
123332130
What is 102032100 (base 7) in base 4?
112322303211
What is -2200011221 (base 3) in base 11?
-36598
Convert 241070 (base 10) to base 4.
322312232
What is -20173663 (base 9) in base 3?
-200012110202010
2754125 (base 8) to base 10
776277
1012212000121 (base 3) to base 6
21505411
Convert -10110101100101011 (base 2) to base 7.
-535024
What is -33b598 (base 14) in base 2?
-110101101101100010010
What is -1367088 (base 9) in base 10?
-753137
-210010132 (base 4) to base 15
-2db97
What is -949a2d (base 14) in base 6?
-255340201
What is 256055 (base 10) in base 7?
2114342
Convert -2215433 (base 6) to base 16.
-1b32d
What is 1c37c4 (base 16) in base 14?
361d1a
What is -7b750 (base 14) in base 13?
-a6a44
Convert -624215 (base 9) to base 2.
-1011010011101001100
Convert 310137 (base 9) to base 3.
100100011021
-417a76 (base 12) to base 2
-11111011011000111010
What is 14a744 (base 14) in base 7?
6060114
115148 (base 12) to base 13
99950
Convert 22212001212022 (base 3) to base 10.
4705595
4635226 (base 7) to base 10
580474
43463 (base 10) to base 7
240500
-23623475 (base 8) to base 7
-62043404
Convert 103003200 (base 4) to base 6.
1401200
What is 2474991 (base 10) in base 2?
1001011100001111101111
4032 (base 8) to base 5
31244
-1